{"id":58,"date":"2023-04-27T10:39:46","date_gmt":"2023-04-27T13:39:46","guid":{"rendered":"http:\/\/gecbem.org.in\/?page_id=58"},"modified":"2026-03-24T10:21:38","modified_gmt":"2026-03-24T13:21:38","slug":"homenagem-a-bezerra-de-menezes","status":"publish","type":"page","link":"https:\/\/gecbem.org.in\/?page_id=58","title":{"rendered":"Homenagem a Bezerra de Menezes"},"content":{"rendered":"\n<figure class=\"wp-block-image size-full\"><img loading=\"lazy\" decoding=\"async\" width=\"951\" height=\"430\" src=\"https:\/\/gecbem.org.in\/wp-content\/uploads\/2023\/05\/Imagem_Bezerra_1.jpg\" alt=\"Mensagem de Bezerra\" class=\"wp-image-272\" srcset=\"https:\/\/gecbem.org.in\/wp-content\/uploads\/2023\/05\/Imagem_Bezerra_1.jpg 951w, https:\/\/gecbem.org.in\/wp-content\/uploads\/2023\/05\/Imagem_Bezerra_1-300x136.jpg 300w, https:\/\/gecbem.org.in\/wp-content\/uploads\/2023\/05\/Imagem_Bezerra_1-768x347.jpg 768w, https:\/\/gecbem.org.in\/wp-content\/uploads\/2023\/05\/Imagem_Bezerra_1-850x384.jpg 850w\" sizes=\"auto, (max-width: 951px) 100vw, 951px\" \/><\/figure>\n\n\n\n<h2 class=\"wp-block-heading has-text-align-center\">QUEM FOI ESSE IRM\u00c3O DE LUZ?<\/h2>\n\n\n\n<div class=\"wp-block-media-text alignwide is-stacked-on-mobile\"><figure class=\"wp-block-media-text__media\"><img loading=\"lazy\" decoding=\"async\" width=\"680\" height=\"680\" src=\"https:\/\/gecbem.org.in\/wp-content\/uploads\/2023\/05\/Imagem_Bezerra_2.jpg\" alt=\"Mensagem de Bezerra de Menezes\" class=\"wp-image-276 size-full\" srcset=\"https:\/\/gecbem.org.in\/wp-content\/uploads\/2023\/05\/Imagem_Bezerra_2.jpg 680w, https:\/\/gecbem.org.in\/wp-content\/uploads\/2023\/05\/Imagem_Bezerra_2-300x300.jpg 300w, https:\/\/gecbem.org.in\/wp-content\/uploads\/2023\/05\/Imagem_Bezerra_2-150x150.jpg 150w\" sizes=\"auto, (max-width: 680px) 100vw, 680px\" \/><\/figure><div class=\"wp-block-media-text__content\">\n<p><strong>Adolfo Bezerra de Menezes Cavalcanti<\/strong> nasceu no Estado do Cear\u00e1, na ent\u00e3o Freguesia do Riacho do Sangue (atual cidade de Jaguaretama) em 29 de agosto de 1831.<br>\u200bUm mission\u00e1rio cuja tarefa seria a de preparar a sociedade brasileira para acolher a semente do Espiritismo.<\/p>\n<\/div><\/div>\n\n\n\n<div class=\"wp-block-columns is-layout-flex wp-container-core-columns-is-layout-9d6595d7 wp-block-columns-is-layout-flex\">\n<div class=\"wp-block-column is-layout-flow wp-block-column-is-layout-flow\">\n<p>Desde estudante, o itiner\u00e1rio de Bezerra de Menezes foi muito significativo.<br>Em 1838, no interior do Cear\u00e1, conheceu as primeiras letras, na escola da Vila do Frade.<br>Em apenas dez meses de aulas, encontrava-se \u00e0 altura do saber de seu mestre.<br>\u200bEm 1842, ent\u00e3o com onze anos de idade e j\u00e1 na Serra dos Martins, no Rio Grande do Norte, para onde se transferiu com a fam\u00edlia, por motivo de persegui\u00e7\u00f5es pol\u00edticas contra seu pai, aprendeu latim em dois anos, a ponto de substituir o professor.<br>Bezerra queria tornar-se m\u00e9dico, mas o pai, que enfrentava dificuldades financeiras, n\u00e3o podia custear-lhe os estudos.<\/p>\n<\/div>\n\n\n\n<div class=\"wp-block-column is-layout-flow wp-block-column-is-layout-flow\">\n<p>Em 1851, aos 19 anos, tomou ele a iniciativa de ir para o Rio de Janeiro, a ent\u00e3o capital do Imp\u00e9rio, a fim de cursar medicina, levando consigo a import\u00e2ncia de 400 mil r\u00e9is, que os parentes lhe deram para ajudar na viagem.<br>No Rio de Janeiro, ingressou, em 1852, como praticante interno no Hospital da Santa Casa de Miseric\u00f3rdia.<br>Para poder estudar, dava aula de filosofia e matem\u00e1tica.<br>Em 1856, aos 25 anos de idade, doutorou-se pela Faculdade de Medicina do Rio de Janeiro.<br>Em 6 de novembro de 1858, casou-se com a Sra. Maria C\u00e2ndida de Lacerda, que desencarnou no in\u00edcio de 1863, deixando-lhe um casal de filhos.<\/p>\n<\/div>\n<\/div>\n\n\n\n<div class=\"wp-block-media-text alignwide has-media-on-the-right is-stacked-on-mobile\"><div class=\"wp-block-media-text__content\">\n<p>Dr. Bezerra de Menezes \u00e9 um esp\u00edrito muito evolu\u00eddo e, assim, um grande trabalhador de Jesus.<br>Respons\u00e1vel pela unifica\u00e7\u00e3o do Movimento Esp\u00edrita no Brasil, \u00e9 figura singular do Espiritismo e, no mundo espiritual, permanece trabalhando, abnegadamente e de modo incessante, pela felicidade de todos n\u00f3s.<\/p>\n<\/div><figure class=\"wp-block-media-text__media\"><img loading=\"lazy\" decoding=\"async\" width=\"972\" height=\"718\" src=\"https:\/\/gecbem.org.in\/wp-content\/uploads\/2023\/05\/Imagem_Bezerra_3.jpg\" alt=\"Imagem de Bezerra de Menezes\" class=\"wp-image-279 size-full\" srcset=\"https:\/\/gecbem.org.in\/wp-content\/uploads\/2023\/05\/Imagem_Bezerra_3.jpg 972w, https:\/\/gecbem.org.in\/wp-content\/uploads\/2023\/05\/Imagem_Bezerra_3-300x222.jpg 300w, https:\/\/gecbem.org.in\/wp-content\/uploads\/2023\/05\/Imagem_Bezerra_3-768x567.jpg 768w, https:\/\/gecbem.org.in\/wp-content\/uploads\/2023\/05\/Imagem_Bezerra_3-850x628.jpg 850w\" sizes=\"auto, (max-width: 972px) 100vw, 972px\" \/><\/figure><\/div>\n\n\n\n<p>Eleito Vereador Municipal pelo Partido Liberal, em 1861, teve sua elei\u00e7\u00e3o impugnada sob a alega\u00e7\u00e3o de ser m\u00e9dico militar.<br>Em 1867 foi eleito Deputado Geral, tendo ainda figurado numa lista tr\u00edplice para uma carreira no Senado.<br>Quando pol\u00edtico, levantaram-se contra ele desferindo rude campanha de inj\u00faria e cobrindo seu nome de improp\u00e9rios.<br>Entretanto ele deu prova da pureza de sua alma, quando deliberou abandonar a vida p\u00fablica e dedicar-se aos pobres, repartindo com os necessitados o pouco que possu\u00eda.<br>Corria sempre ao casebre do pobre onde houvesse um mal a combater, levando ao aflito o conforto de sua palavra de bondade, o recurso da sua profiss\u00e3o de m\u00e9dico e o aux\u00edlio da sua bolsa minguada e generosa.<\/p>\n\n\n\n<h2 class=\"wp-block-heading has-text-align-center\">PRIMEIRO CONTATO COM A DOUTRINA<\/h2>\n\n\n\n<p>O Dr. Carlos Travassos havia empreendido a primeira tradu\u00e7\u00e3o das obras de Allan Kardec e levara a bom termo a vers\u00e3o portuguesa de &#8220;O Livro dos Esp\u00edritos&#8221;.<br>Logo que esse livro saiu do prelo, levou um exemplar ao deputado Bezerra de Menezes, entregando-o com dedicat\u00f3ria.<br>O epis\u00f3dio foi descrito do seguinte modo pelo M\u00e9dico dos Pobres:<br>&#8220;<em>Deu-mo na cidade e eu morava na Tijuca. Uma hora de viagem de bonde! Embarquei com o livro e, como n\u00e3o tinha distra\u00e7\u00e3o para a longa viagem, disse comigo: ora, adeus! N\u00e3o hei de ir para o inferno por ler isto\u2026 Depois, \u00e9 rid\u00edculo confessar-me ignorante desta filosofia, quando tenho estudado todas as escolas filos\u00f3ficas. Pensando assim, abri o livro e prendi-me a ele, como acontecera com a B\u00edblia. Lia, mas n\u00e3o encontrava nada que fosse novo para meu Esp\u00edrito. Entretanto, tudo aquilo era novo para mim!\u2026 Eu j\u00e1 tinha lido ou ouvido tudo o que se achava em &#8220;O Livro dos Esp\u00edritos&#8221;. Preocupei-me seriamente com este fato maravilhoso e a mim mesmo dizia: parece que eu era esp\u00edrita inconsciente ou, mesmo como se diz vulgarmente, de nascen\u00e7a<\/em>.&#8221;.<br>\u200bContribu\u00edram tamb\u00e9m, para torn\u00e1-lo um adepto consciente, as extraordin\u00e1rias curas que ele conseguiu para si pr\u00f3prio, em 1882, do famoso m\u00e9dium receitista Jo\u00e3o Gon\u00e7alves do Nascimento.<\/p>\n\n\n\n<h2 class=\"wp-block-heading has-text-align-center\">INICIA DAS PUBLICA\u00c7\u00d5ES DE ARTIGOS ESP\u00cdRITAS<\/h2>\n\n\n<div class=\"wp-block-image\">\n<figure class=\"aligncenter size-full\"><img loading=\"lazy\" decoding=\"async\" width=\"658\" height=\"548\" src=\"https:\/\/gecbem.org.in\/wp-content\/uploads\/2023\/05\/Imagem_Bezerra_4.jpg\" alt=\"Imagem de um dos artigos de Bezerra\" class=\"wp-image-283\" srcset=\"https:\/\/gecbem.org.in\/wp-content\/uploads\/2023\/05\/Imagem_Bezerra_4.jpg 658w, https:\/\/gecbem.org.in\/wp-content\/uploads\/2023\/05\/Imagem_Bezerra_4-300x250.jpg 300w\" sizes=\"auto, (max-width: 658px) 100vw, 658px\" \/><\/figure>\n<\/div>\n\n\n<p>Demonstrada a sua capacidade liter\u00e1ria no terreno filos\u00f3fico, quer pelas r\u00e9plicas, quer pelos estudos doutrin\u00e1rios, a Comiss\u00e3o de Propaganda da Uni\u00e3o Esp\u00edrita do Brasil incumbiu Bezerra de Menezes de escrever aos domingos, no jornal &#8220;O Paiz&#8221; , tradicional \u00f3rg\u00e3o da imprensa brasileira, dirigido por Quintino Bocayuva, uma s\u00e9rie de artigos sob o t\u00edtulo &#8220;O Espiritismo &#8211; Estudos Filos\u00f3ficos&#8221;.<br>Os artigos de Max , pseud\u00f4nimo de Bezerra de Menezes, marcaram uma \u00e9poca de ouro da propaganda esp\u00edrita no Brasil.<br>Esses artigos foram publicados, ininterruptamente, de 1886 a 1893.<br>No dia 16 de agosto de 1886, um audit\u00f3rio de cerca de duas mil pessoas da melhor sociedade enchia a sala de honra da Guarda Velha, na rua da Guarda Velha, atual Avenida 13 de Maio, no Rio de Janeiro, para ouvir em sil\u00eancio, com emo\u00e7\u00e3o e at\u00f4nitos, a palavra s\u00e1bia do eminente pol\u00edtico, do eminente m\u00e9dico, do eminente cidad\u00e3o, do eminente cat\u00f3lico, Dr. Bezerra de Menezes, que proclamava a sua decidida convers\u00e3o ao Espiritismo.<br>Bezerra de Menezes tinha o encargo de m\u00e9dico como verdadeiro sacerd\u00f3cio.<br>Por isso, dizia:<br>&#8220;<em>Um m\u00e9dico n\u00e3o tem o direito de terminar uma refei\u00e7\u00e3o, nem de escolher hora, nem de perguntar se \u00e9 longe ou perto, quando um aflito qualquer lhe bate a porta. O que n\u00e3o acode por estar com visitas, por ter trabalhado muito e achar-se fatigado, ou por ser alta noite, mau o caminho ou o tempo, ficar longe ou no morro o que, sobretudo, pede um carro a quem n\u00e3o tem com o que pagar a receita, ou diz a quem chora a porta que procure outro, esse n\u00e3o \u00e9 medico, \u00e9 negociante de medicina, que trabalha para recolher capital e juros dos gastos da formatura. Esse \u00e9 um infeliz, que manda para outro o anjo da caridade que lhe veio fazer uma visita e lhe trazia a \u00fanica esp\u00f3rtula que podia saciar a sede de riqueza do seu Esp\u00edrito, a \u00fanica que jamais se perdera nos vais-e-vens da vida<\/em>.&#8221;.<\/p>\n\n\n\n<h2 class=\"wp-block-heading has-text-align-center\">DA PARTICIPA\u00c7\u00c3O NA FEB AO DESENCARNE<\/h2>\n\n\n\n<p>No ano de 1883, reinava um ambiente francamente dispersivo no seio do Espiritismo no Brasil e, os que dirigiam os n\u00facleos esp\u00edritas do Rio de Janeiro, sentiam a necessidade de uma uni\u00e3o mais estreita e indestrut\u00edvel.<br>Os Centros Esp\u00edritas, onde se ministrava a Doutrina, trabalhavam de forma aut\u00f4noma.<br>Cada um deles exercia sua atividade, em um determinado setor, despreocupado em conhecer as atividades dos demais.<br>\u200bEsse estado de coisas levou-os \u00e0 funda\u00e7\u00e3o da Federa\u00e7\u00e3o Esp\u00edrita Brasileira (FEB).<br>Fundada a FEB, em 1884, Bezerra de Menezes n\u00e3o quis inscrever-se entre os fundadores, embora fosse amigo de todos os diretores e, sobremaneira, admirado por eles.<br>Mais tarde, em 1889, tornar-se-ia Presidente da FEB.<br>Nessa \u00e9poca j\u00e1 existiam muitas sociedades esp\u00edritas.<br>Por\u00e9m as \u00fanicas que mantinham a hegemonia eram quatro:<br>   a Acad\u00eamica;<br>   a Fraternidade;<br>   a Uni\u00e3o Esp\u00edrita do Brasil e<br>   a Federa\u00e7\u00e3o Esp\u00edrita Brasileira.<br>Entretanto logo surgiram, entre elas, rivalidades e disc\u00f3rdias.<br>Sob os ausp\u00edcios de Bezerra de Menezes e acatando importantes instru\u00e7\u00f5es dadas por Allan Kardec, atrav\u00e9s do m\u00e9dium Frederico J\u00fanior, foi fundado o famoso Centro Esp\u00edrita.<br>Por\u00e9m, nem por isso deixava de dar a sua coopera\u00e7\u00e3o a todas as outras institui\u00e7\u00f5es.<br>O entusiasmo dos esp\u00edritas logo se arrefeceu, e o velho seareiro viu-se desamparado dos seus companheiros, chegando a ser o \u00fanico frequentador do Centro.<br>A cis\u00e3o era profunda entre os chamados &#8220;m\u00edsticos&#8221; e &#8220;cient\u00edficos&#8221;, ou seja, esp\u00edritas que aceitavam o Espiritismo em seu aspecto religioso e os que o aceitavam simplesmente pelo lado cient\u00edfico e filos\u00f3fico.<br>Em 1894, o ambiente demonstrou tend\u00eancias de melhora e o nome de Bezerra foi lembrado como o \u00fanico capaz de unificar a fam\u00edlia esp\u00edrita.<br>O infatig\u00e1vel batalhador, com 63 anos de idade, reassumiu a presid\u00eancia da Federa\u00e7\u00e3o Esp\u00edrita Brasileira.<br>Iniciava-se o ano de 1900, e Bezerra de Menezes foi acometido de violento ataque de congest\u00e3o cerebral, que o prostrou no leito, de onde n\u00e3o mais se levantaria.<br>Ocorrida a sua desencarna\u00e7\u00e3o em 11 de abril de 1900, verdadeira peregrina\u00e7\u00e3o demandou \u00e0 sua resid\u00eancia a fim de prestar-lhe a \u00faltima visita.<br>\u200bMorreu pobre, embora seu consult\u00f3rio estivesse cheio de uma clientela que nenhum m\u00e9dico queria (de pessoas pobres, sem dinheiro para pagar consultas).<br>Foi preciso constituir-se uma comiss\u00e3o para angariar donativos visando possibilitar a manuten\u00e7\u00e3o da fam\u00edlia.<br>A comiss\u00e3o fora presidida por Quintino Bocaiuva.<br>Por ocasi\u00e3o de sua morte, assim se pronunciou L\u00e9on Denis, um dos maiores disc\u00edpulos de Kardec:<br>\u200b<br>\u201c<em>Quando tais homens deixam de existir, enluta-se n\u00e3o somente o Brasil, mas os esp\u00edritas de todo o mundo<\/em>.\u201d.<\/p>\n\n\n\n<p><strong><em>Fontes:<\/em><\/strong><br>   * www.espiritismogi.com.br\/biografias\/bezerra.htm<br>   * http:\/\/www.espiritismobrasil.com\/biografias-de-icones-do-espiritismo\/bezerra-de-menezes-biografia\/<br>   * http:\/\/www.febnet.org.br\/wp-content\/uploads\/2012\/06\/Adolfo-Bezerra-de-Menezes.pdf<\/p>\n\n\n\n<figure class=\"wp-block-embed aligncenter is-type-video is-provider-youtube wp-block-embed-youtube wp-embed-aspect-4-3 wp-has-aspect-ratio\"><div class=\"wp-block-embed__wrapper\">\n<iframe loading=\"lazy\" title=\"Hino \u00e0 Bezerra de Menezes\" width=\"640\" height=\"480\" src=\"https:\/\/www.youtube.com\/embed\/8mj143vlGXM?feature=oembed\" frameborder=\"0\" allow=\"accelerometer; autoplay; clipboard-write; encrypted-media; gyroscope; picture-in-picture; web-share\" referrerpolicy=\"strict-origin-when-cross-origin\" allowfullscreen><\/iframe>\n<\/div><\/figure>\n","protected":false},"excerpt":{"rendered":"<p>QUEM FOI ESSE IRM\u00c3O DE LUZ? Adolfo Bezerra de Menezes Cavalcanti nasceu no Estado do Cear\u00e1, na ent\u00e3o Freguesia do Riacho do Sangue (atual cidade de Jaguaretama) em 29 de agosto de 1831.\u200bUm mission\u00e1rio cuja tarefa seria a de preparar a sociedade brasileira para acolher a semente do Espiritismo. Desde estudante, o itiner\u00e1rio de Bezerra&#8230;<\/p>\n","protected":false},"author":1,"featured_media":0,"parent":0,"menu_order":0,"comment_status":"open","ping_status":"closed","template":"","meta":{"footnotes":""},"class_list":["post-58","page","type-page","status-publish","hentry"],"_links":{"self":[{"href":"https:\/\/gecbem.org.in\/index.php?rest_route=\/wp\/v2\/pages\/58","targetHints":{"allow":["GET"]}}],"collection":[{"href":"https:\/\/gecbem.org.in\/index.php?rest_route=\/wp\/v2\/pages"}],"about":[{"href":"https:\/\/gecbem.org.in\/index.php?rest_route=\/wp\/v2\/types\/page"}],"author":[{"embeddable":true,"href":"https:\/\/gecbem.org.in\/index.php?rest_route=\/wp\/v2\/users\/1"}],"replies":[{"embeddable":true,"href":"https:\/\/gecbem.org.in\/index.php?rest_route=%2Fwp%2Fv2%2Fcomments&post=58"}],"version-history":[{"count":10,"href":"https:\/\/gecbem.org.in\/index.php?rest_route=\/wp\/v2\/pages\/58\/revisions"}],"predecessor-version":[{"id":2204,"href":"https:\/\/gecbem.org.in\/index.php?rest_route=\/wp\/v2\/pages\/58\/revisions\/2204"}],"wp:attachment":[{"href":"https:\/\/gecbem.org.in\/index.php?rest_route=%2Fwp%2Fv2%2Fmedia&parent=58"}],"curies":[{"name":"wp","href":"https:\/\/api.w.org\/{rel}","templated":true}]}}